m + 30 = -0*m. Let p = -3 - -5. Suppose -p*h + m*h = 15. What is the units digit of h?
5
Suppose -2*r - 2332 = -i, -i + 11*r + 2320 = 13*r. What is the thousands digit of i?
2
Suppose 120 = -3*n + 6*n. Suppose -9 + 1 = -2*u, -n = -i + 5*u. What is the tens digit of i?
6
Let d(p) = 10*p**2 + 3*p + 3. Let f be d(3). Suppose 4*b + a - 24 = -3*a, -8 = -2*a. Suppose -5*t + f = -b*t. What is the tens digit of t?
3
Let c(z) be the first derivative of 1/4*z**4 + 7 - z - 3*z**2 - 7/3*z**3. What is the tens digit of c(8)?
1
Let f(z) = z**3 - 16*z**2 - 42*z + 19. What is the tens digit of f(20)?
7
Let n(i) = -i**3 - 17*i**2 - 21*i - 23. Let d be n(-16). Let w = 68 - d. What is the tens digit of w?
1
Suppose 3*q - n - 63 = 0, 4*q = n - 0*n + 83. Suppose -p - 2*h - 3*h + 564 = 0, q = 5*h. What is the tens digit of (2/4)/(8/p)?
3
Let k(b) = 6*b**3 - 1. Let y be k(1). Let r(m) = -m + 7*m - 2*m + 4 + m. What is the tens digit of r(y)?
2
Let u be (-14 + 11)/((-6)/4). Let x be u - 17/3*3. Let m = -7 - x. What is the units digit of m?
8
Let g be (-2)/6 + (-21)/(-9) + -428. Let v = g - -598. What is the hundreds digit of v?
1
Let a = 477 - -862. What is the units digit of a?
9
Let x be 64/112 - 62/(-14). Let n(k) = k**2 - 5*k - 2. Let p be n(x). What is the units digit of 2*26*(p + 3)?
2
Let u(c) = 5*c**3 + 9*c**2 - 22*c + 7. What is the hundreds digit of u(7)?
0
Let h = 56 - 65. What is the units digit of 47*((-8)/(-6) + 3/h)?
7
Suppose -t - 3 = -11. Let d(a) be the second derivative of -a**4/12 + 7*a**3/3 - a**2/2 - 4*a + 2. What is the tens digit of d(t)?
4
Let p = 1026 + 82. What is the thousands digit of p?
1
Let k = 7 + -217. Let r = 347 + k. What is the tens digit of r?
3
Suppose 2*x - 17650 = -4*w, w = -0*w - 4*x + 4416. What is the thousands digit of w?
4
Let l = 52 - 49. Suppose j - 355 = -4*f, -3*f - l*j + 0*j + 255 = 0. What is the tens digit of f?
9
Let p(m) be the first derivative of -1/4*m**4 + 3*m**3 - 18*m + 6 - 3/2*m**2. What is the tens digit of p(8)?
2
Let a be (25/5 - -33)/((-2)/(-10)). What is the units digit of a - (-14 + 4)/(-2)?
5
Suppose -3*p = 4*z - 7*p - 12980, 3*p + 12983 = 4*z. What is the thousands digit of z?
3
Let q be 2/(-2)*(1 + 233). Let u = q + 336. Let s = 144 - u. What is the tens digit of s?
4
Let v be ((-716)/(-20) + -3)*-30. Let i be (-6)/21 - v/14. Suppose 3*y + 2*y - 180 = -5*f, 2*f = -4*y + i. What is the tens digit of f?
3
Suppose -5*n - 3*i + 921 = -4*n, 0 = 3*n - i - 2783. What is the units digit of n?
7
Let d(m) = 3*m - 52. Let n be d(16). What is the tens digit of (-58 - -62)*((-74)/n + 0)?
7
Let y(l) = 2*l**2 + 5*l + 59. What is the units digit of y(0)?
9
Suppose 15*j - 35194 = 18116. What is the tens digit of j?
5
Suppose v = -2*b + 824, -2*b = -3*v + 3852 - 1372. What is the tens digit of v?
2
What is the tens digit of (-4482)/(-18)*(2 + -1)?
4
Let x(p) = 2*p**2 + 9*p + 3. Let s be x(-4). What is the units digit of (s - -179) + 18 + -14?
2
Suppose 0 = -0*d + d - 3. Let u = d - 1. Suppose 10 - u = 2*q. What is the units digit of q?
4
Suppose -19*g + 40768 = 13*g. What is the units digit of g?
4
Suppose 117*r = 120*r - 2*c - 2307, 2*r + c - 1545 = 0. What is the units digit of r?
1
Suppose -14*f = -10*f - 1996. What is the units digit of f?
9
Let u(f) = -f**2 + 26*f - 12. Let t = 30 + -10. What is the tens digit of u(t)?
0
Let a = 18 + -25. Let z(p) = -p**3 - 6*p**2 + 6*p + 10. Let g be z(a). Suppose -4*q + g + 47 = 0. What is the units digit of q?
6
Let x(h) = h**2 + 13*h - 37. Let v be x(-15). Let l(f) = -15*f - 25. What is the units digit of l(v)?
0
Let p = -1162 + 1867. Suppose -728 = -5*q - z + 1, p = 5*q - 5*z. What is the units digit of q?
5
Let y(d) = -2*d**2 + 15*d + 8. Let x be y(8). Suppose 2*n - s - 51 = -6*s, 5*n - 5*s - 40 = x. What is the units digit of n?
3
What is the thousands digit of (4 + -1)*((-3491)/(-3) + -10)?
3
Let g(u) = -2*u**2 - 13*u + 3. Let f be g(-7). What is the units digit of ((-3)/(-9))/(f/(-804))?
7
Let u(j) = j**3 + 2*j**2 + 6*j - 2. Let k be u(-4). Let l = 96 - k. What is the hundreds digit of l?
1
Let c = 7687 - 3714. What is the units digit of c?
3
Let h be -4 + (7*8 - (4 + 0)). Let b = -17 + h. What is the units digit of b?
1
Let v(d) = 73*d - 3. Let j be v(1). Suppose 0 = 3*r - 65 - j. What is the tens digit of r?
4
Let d = 16 - -189. Let h = -100 + d. What is the units digit of h?
5
Let a = 25 - 31. Let z be a/(-4)*(-14)/21. What is the tens digit of (z - (-70)/4)*4?
6
Let f = 714 - 190. What is the hundreds digit of f?
5
What is the thousands digit of 240/16 + -16 + (-2191)/(-1)?
2
Let x be 6/8*4 - 1 - 1. What is the tens digit of (x/(-2))/((-2)/256)?
6
Let q(a) = a + 18. Let o be q(-16). Suppose 0 = -o*m - m + 288. Suppose -3*j + m = -33. What is the units digit of j?
3
Let t(s) = 2*s**2 - 5*s - 1. Let p be t(3). Suppose -a = -p - 0. What is the units digit of a?
2
Suppose 201 = -2*b + 5*l, l = b - 5*b - 413. Let y = b + 126. What is the tens digit of y?
2
Suppose 7974 = 9*o + 1035. What is the hundreds digit of o?
7
Let y = 224 + -119. Suppose -y = p - 6*p. Suppose 3*q + 3 = p. What is the units digit of q?
6
Let f be 6/(-24) + (-89)/(-4). Suppose -4*z + 6*z = 2*k - f, -4*z - 39 = -5*k. Let l = 2 - z. What is the units digit of l?
8
Suppose 4362 = 3*f - 1713. What is the tens digit of f?
2
Suppose -5 = -3*t - 11. Let r(f) = 21*f + 1. Let s be r(t). Let b = 78 + s. What is the units digit of b?
7
Let a(s) be the first derivative of -1 - 1/3*s**3 + 6*s**2 + s. What is the units digit of a(5)?
6
Let y be 1 - (3 - -1) - -72. Let q = y + -20. What is the tens digit of q?
4
Suppose 3*w - 27 = 3*a, 4*w - 9 = 3*w - 2*a. Suppose 68 = 2*b - 5*z, -5*b + w = z - 107. Suppose 0*n = n - b. What is the units digit of n?
4
Let u(d) = -7*d + 45. Let o be u(7). What is the hundreds digit of (6/o*3626/(-21))/1?
2
Suppose 0 = -3*z + 73 + 590. Suppose 0 = -2*v - 3*p - 8 - 4, 0 = -p - 4. Suppose 4*x - z = -5*w, v*x - 5*w = x - 59. What is the tens digit of x?
5
Let d(y) be the third derivative of y**2 + 0*y**3 - 1/3*y**4 + 0*y + 0. What is the tens digit of d(-3)?
2
What is the tens digit of 1/(-1) - (-3 + 10 - 1284)?
7
Let j(w) = w**3 - 2*w**2 + 2*w + 649. Let p be j(0). Let q = -431 + p. What is the tens digit of q?
1
Let a be (21/(-15) - -2)*5. Let u = a - 7. What is the units digit of (56/35)/(u/(-70))?
8
Let b be 4 + (7 + -4 - -3). What is the tens digit of (1 - (-16)/b)*(-16 + 21)?
1
Let i be (-6)/2*(-2)/(-6). Let p be 3 + (1 - (i - -1)). Suppose -p*j - 2*x + 125 - 51 = 0, -2*x + 54 = 3*j. What is the tens digit of j?
2
Suppose -w - w + 282 = -y, 0 = -5*w + 4*y + 699. What is the tens digit of w?
4
Suppose 0 = -3*w + 4 - 7. Let p be 0/(-4) - (19 + w). What is the units digit of -15*(p/(-15) - 2)?
2
What is the units digit of 4128/18 - 5/(-3)?
1
Let z be (40/(-80))/(0 + (-1)/10). What is the units digit of 2/4 + z/((-90)/(-747))?
2
Suppose 8*j = 2*p + 3*j - 4, 39 = 5*p + 2*j. What is the hundreds digit of p/(189/6) - (-3632)/18?
2
Suppose u - 3*r - 1868 = r, -5*u + 9324 = -4*r. What is the thousands digit of u?
1
Let i = -4217 - -6251. What is the hundreds digit of i?
0
Suppose 3*p - 4*o = 74, p + 5*o = 2*p - 32. Let r = p + -3. Suppose q = -2*t - 0*t + 12, 0 = -3*q + 5*t - r. What is the units digit of q?
2
Let w(c) = -c**3 + 3. Let f be w(0). Suppose -3*i + 2 = f*x - 22, -3*i = -2*x + 1. Let g = x + 19. What is the tens digit of g?
2
Suppose 115*t - 342908 = 37167. What is the tens digit of t?
0
Suppose -27*k = -11*k - 16672. What is the thousands digit of k?
1
Let l(f) = f**3 - 3*f**2 + f - 1. Let r be l(3). Let h be r/7 + 38/14. Suppose 4*o = -y - 0*o + 45, h*o + 60 = 3*y. What is the tens digit of y?
2
Suppose -5*t = 8 - 33, 2*t - 13 = -g. Suppose 0 = 2*x - 3*u - 41 - 36, -245 = -5*x - g*u. What is the tens digit of x?
4
Suppose -19*r + 600 = -1243. What is the units digit of r?
7
Suppose -116*l - 69 = -119*l. What is the tens digit of l?
2
Suppose -3*h = -2*j - 8666, -7*j + 8669 = 3*h - 12*j. What is the tens digit of h?
8
Let a = -179 - -313. Let g = a + -93. What is the units digit of g?
1
Let z(d) = -d**2 + 4*d - 4. Let r be z(2). Suppose r = -2*j + 5*o - 0*o + 190, -2*j - 2*o + 190 = 0. What is the tens digit of j?
9
Suppose 0 = j + w - 17, 2*j + 11 = 5*j - 5*w. Suppose 